{"id":11303,"date":"2022-05-31T08:37:35","date_gmt":"2022-05-31T06:37:35","guid":{"rendered":"https:\/\/www.peterlipa.com\/?page_id=11303"},"modified":"2025-03-12T12:19:49","modified_gmt":"2025-03-12T11:19:49","slug":"koncerty-2","status":"publish","type":"page","link":"https:\/\/old.peterlipa.com\/en\/koncerty-2\/","title":{"rendered":"Events"},"content":{"rendered":"<div  data-font-color=\"dark\" class=\"wvc-clearfix  wvc-row wvc-parent-row wvc-row-width-wide wvc-row-layout-column wvc-video-bg-is-mute wvc-row-bg-effect-none wvc-row-bg-default wvc-font-dark wvc-border-color-none wvc-background-color-default wvc-row-content-placement-default wvc-row-columns-placement-default section\" style=\"\"><div class=\"wvc-row-wrapper wvc-row-wrapper-width-standard wvc-row-column-equal-height-no\" style=\"\"><div class=\"wvc-row-content\"><div class=\"wvc-columns-container\" style=\"\"><div id=\"wvc-col-1466\" class=\"wvc-col-12 wvc-column wvc-column-content-placement-default wvc-column-content-type-default wvc-column-content-alignment-center wvc-column-text-alignment-default\" data-base-width-int=\"12\" style=\"\"><div class=\"wvc-column-container wvc-column-bg-default wvc-column-bg-effect-none wvc-font-inherit wvc-column-font-inherit wvc-column-style-none wvc-border-color-none wvc-background-color-default\" style=\"\"><div class=\"wvc-column-inner\"><div class=\"wvc-column-wrapper wpb_wrapper\" style=\"\"><div class=\"wvc-text-block wvc-clearfix wvc-element wvc-mobile-text-align-\" style=\"\"><div class=\"wbp_wrapper\"><p style=\"text-align: center\"><span style=\"color: #000000\"><strong><span style=\"font-size: 36pt\">2025<\/span><\/strong><\/span><\/p>\n<h1 style=\"text-align: center\">Marec<\/h1>\n<p style=\"text-align: center\"><span style=\"color: #000000\"><strong><span style=\"font-size: 14pt\">7.3. Trnava, Winter Jazz Fest &#8211; \u00a0hos\u0165 AMC trio<\/span><\/strong><\/span><\/p>\n<p style=\"text-align: center\"><span style=\"color: #000000\"><strong><span style=\"font-size: 14pt\">8.3.\u00a0<\/span><\/strong><\/span><strong style=\"color: #000000\"><span style=\"font-size: 14pt\">CZ \u00a0<\/span><\/strong><span style=\"color: #000000\"><strong><span style=\"font-size: 14pt\">Znojmo, <\/span><\/strong><\/span><strong style=\"color: #000000\"><span style=\"font-size: 14pt\">Jazz Fest Znojmo &#8211; hos\u0165 Lash &amp; Grey<\/span><\/strong><\/p>\n<p style=\"text-align: center\"><strong style=\"color: #000000\"><span style=\"font-size: 14pt\">28.3. Bad\u00edn, Tri Duby<\/span><\/strong><\/p>\n<h1 style=\"text-align: center\">Apr\u00edl<\/h1>\n<p style=\"text-align: center\"><span style=\"color: #000000\"><strong><span style=\"font-size: 14pt\">26.4. CZ \u00a0Poli\u010dka, Poli\u010dka Jazz fest<\/span><\/strong><\/span><\/p>\n<p style=\"text-align: center\"><span style=\"color: #000000\"><strong><span style=\"font-size: 14pt\">27.4. CZ \u00a0Uhersk\u00fd Brod, klub \u00dajezdec<\/span><\/strong><\/span><\/p>\n<h1 style=\"text-align: center\">M\u00e1j<\/h1>\n<p style=\"text-align: center\"><span style=\"font-size: 14pt;color: #000000\"><strong>21.5. Humenn\u00e9, History art &amp; Music club<\/strong><\/span><\/p>\n<p style=\"text-align: center\"><span style=\"font-size: 14pt;color: #000000\"><strong>22.5. Ko\u0161ice, Collosseum club<\/strong><\/span><\/p>\n<h1 style=\"text-align: center\">J\u00fan<\/h1>\n<p style=\"text-align: center\"><strong><span style=\"font-size: 14pt;color: #000000\">20.6. CZ \u00a0Vala\u0161sk\u00e9 Klobouky, Vala\u0161sk\u00e9 kum\u0161tov\u00e1n\u00ed<\/span><\/strong><\/p>\n<p style=\"text-align: center\"><strong><span style=\"font-size: 14pt;color: #000000\">25.6. \u010cadca, Dom kult\u00fary<\/span><\/strong><\/p>\n<p style=\"text-align: center\"><strong><span style=\"font-size: 14pt;color: #000000\">26.6. Prievidza, Letn\u00e1 pauza<\/span><\/strong><\/p>\n<p style=\"text-align: center\"><strong><span style=\"font-size: 14pt;color: #000000\">27.6. Slovensk\u00e1 Lup\u010da, Hrad<\/span><\/strong><\/p>\n<p style=\"text-align: center\"><strong><span style=\"font-size: 14pt;color: #000000\">28.6. Kloko\u010dina<\/span><\/strong><\/p>\n<p style=\"text-align: center\"><strong><span style=\"font-size: 14pt;color: #000000\">29.6. Bansk\u00e1 Bystrica, Hogo Fogo<\/span><\/strong><\/p>\n<h1 style=\"text-align: center\">J\u00fal<\/h1>\n<p style=\"text-align: center\"><span style=\"font-size: 14pt;color: #000000\"><strong>16.7. Div\u00edn, z\u00e1mok &#8211; Lipa spieva Lasicu<\/strong><\/span><\/p>\n<p style=\"text-align: center\"><span style=\"font-size: 14pt;color: #000000\"><strong>17.7. Gbe\u013eany, z\u00e1mok &#8211; Lipa spieva Lasicu<\/strong><\/span><\/p>\n<p style=\"text-align: center\"><span style=\"font-size: 14pt;color: #000000\"><strong>18.7. Bratislava, Jazzov\u00e1 lo\u010f<\/strong><\/span><\/p>\n<p style=\"text-align: center\"><span style=\"font-size: 14pt;color: #000000\"><strong>20.7. Nitra, hrad &#8211; Lipa spieva Lasicu<\/strong><\/span><\/p>\n<h1 style=\"text-align: center\">August<\/h1>\n<p style=\"text-align: center\"><span style=\"font-size: 14pt;color: #000000\"><strong>1.8. Ke\u017emarok, z\u00e1mok &#8211; Lipa spieva Lasicu<\/strong><\/span><\/p>\n<p style=\"text-align: center\"><span style=\"font-size: 14pt;color: #000000\"><strong>8.8. CZ Praha, Jazz Dock<\/strong><\/span><\/p>\n<p style=\"text-align: center\"><span style=\"font-size: 14pt;color: #000000\"><strong>9.8. CZ \u00a0Beroun, Berounsk\u00e9 hradby<\/strong><\/span><\/p>\n<p style=\"text-align: center\"><span style=\"font-size: 14pt;color: #000000\"><strong>10.8. CZ Praha, Jazz Dock<\/strong><\/span><\/p>\n<p style=\"text-align: center\"><span style=\"font-size: 14pt;color: #000000\"><strong>11.8. Pezinok, z\u00e1mok \u0160im\u00e1k<\/strong><\/span><\/p>\n<p style=\"text-align: center\"><span style=\"font-size: 14pt;color: #000000\"><strong>13.8. Liptovsk\u00fd Mikul\u00e1\u0161, synag\u00f3ga &#8211; Duo Peter Lipa &amp; Peter Lipa jr.\u00a0<\/strong><\/span><\/p>\n<p style=\"text-align: center\"><span style=\"font-size: 14pt;color: #000000\"><strong>23.8. CZ Hrad Ro\u0161tejn, Jazz na Ro\u0161tejn\u011b<\/strong><\/span><\/p>\n<h1 style=\"text-align: center\">September<\/h1>\n<p style=\"text-align: center\"><span style=\"font-size: 14pt;color: #000000\"><strong>5.9. Bratislava, Jazzov\u00e1 lo\u010f<\/strong><\/span><\/p>\n<p style=\"text-align: center\"><span style=\"font-size: 14pt;color: #000000\"><strong>6.9. Bratislava, Spomienka na De\u017ea Urs\u00ednyho<\/strong><\/span><\/p>\n<p style=\"text-align: center\"><span style=\"font-size: 14pt;color: #000000\"><strong>20.9. CZ \u00a0Bojkovice, klub Maj\u00e1k<\/strong><\/span><\/p>\n<h1 style=\"text-align: center\">November<\/h1>\n<p style=\"text-align: center\"><span style=\"font-size: 14pt;color: #000000\"><strong>30.11. Bratislava, Peugeot Ar\u00e9na, Lasica p\u00ed\u0161e \u010cekovsk\u00e9mu<\/strong><\/span><\/p>\n<h1 style=\"text-align: center\">December<\/h1>\n<p style=\"text-align: center\"><span style=\"font-size: 14pt;color: #000000\"><strong>27.12. Nov\u00e9 Mesto nad V\u00e1hom, Blue note<\/strong><\/span><\/p>\n<p>&nbsp;<\/p>\n<p>&nbsp;<\/p>\n<h3 style=\"text-align: center\"><\/h3>\n<\/div><!--.wbp_wrapper--><\/div><!--.wvc-text-block--><\/div><!--.wvc-column-wrapper--><\/div><!--.wvc-column-inner--><\/div><!--.wvc-column-container--><\/div><!--.wvc-column--><\/div><!--.wvc-columns-container--><\/div><!--.wvc-row-content--><\/div><!--.wvc-row-wrapper--><\/div><!--.wvc-row-->","protected":false},"excerpt":{"rendered":"2025 Marec 7.3. Trnava, Winter Jazz Fest - \u00a0hos\u0165 AMC trio 8.3.\u00a0CZ \u00a0Znojmo, Jazz Fest Znojmo - hos\u0165 Lash &amp; Grey 28.3. Bad\u00edn, Tri Duby Apr\u00edl 26.4. CZ \u00a0Poli\u010dka, Poli\u010dka Jazz fest 27.4. CZ \u00a0Uhersk\u00fd Brod, klub \u00dajezdec M\u00e1j 21.5. Humenn\u00e9, History art &amp; Music club 22.5. Ko\u0161ice, Collosseum club J\u00fan 20.6. CZ \u00a0Vala\u0161sk\u00e9 Klobouky,...<p><a rel=\"bookmark\" class=\"theme-button-text wvc-button wvc-button-size-xs\" href=\"https:\/\/old.peterlipa.com\/en\/koncerty-2\/\"><small class=\"wvc-button-background-fill\"><\/small><span>Continue reading<\/span><\/a><\/p>","protected":false},"author":1,"featured_media":0,"parent":0,"menu_order":0,"comment_status":"closed","ping_status":"closed","template":"","meta":{"footnotes":""},"class_list":["post-11303","page","type-page","status-publish","hentry","entry","clearfix","entry-grid","entry-columns-default","entry-page-module-layout-standard","no-post-thumbnail","entry-page","entry-page-grid"],"_links":{"self":[{"href":"https:\/\/old.peterlipa.com\/en\/wp-json\/wp\/v2\/pages\/11303","targetHints":{"allow":["GET"]}}],"collection":[{"href":"https:\/\/old.peterlipa.com\/en\/wp-json\/wp\/v2\/pages"}],"about":[{"href":"https:\/\/old.peterlipa.com\/en\/wp-json\/wp\/v2\/types\/page"}],"author":[{"embeddable":true,"href":"https:\/\/old.peterlipa.com\/en\/wp-json\/wp\/v2\/users\/1"}],"replies":[{"embeddable":true,"href":"https:\/\/old.peterlipa.com\/en\/wp-json\/wp\/v2\/comments?post=11303"}],"version-history":[{"count":39,"href":"https:\/\/old.peterlipa.com\/en\/wp-json\/wp\/v2\/pages\/11303\/revisions"}],"predecessor-version":[{"id":11519,"href":"https:\/\/old.peterlipa.com\/en\/wp-json\/wp\/v2\/pages\/11303\/revisions\/11519"}],"wp:attachment":[{"href":"https:\/\/old.peterlipa.com\/en\/wp-json\/wp\/v2\/media?parent=11303"}],"curies":[{"name":"wp","href":"https:\/\/api.w.org\/{rel}","templated":true}]}}

<div  data-font-color="dark" class="wvc-clearfix  wvc-row wvc-parent-row wvc-row-width-wide wvc-row-layout-column wvc-video-bg-is-mute wvc-row-bg-effect-none wvc-row-bg-default wvc-font-dark wvc-border-color-none wvc-background-color-default wvc-row-content-placement-default wvc-row-columns-placement-default section" style=""><div class="wvc-row-wrapper wvc-row-wrapper-width-standard wvc-row-column-equal-height-no" style=""><div class="wvc-row-content"><div class="wvc-columns-container" style=""><div id="wvc-col-1466" class="wvc-col-12 wvc-column wvc-column-content-placement-default wvc-column-content-type-default wvc-column-content-alignment-center wvc-column-text-alignment-default" data-base-width-int="12" style=""><div class="wvc-column-container wvc-column-bg-default wvc-column-bg-effect-none wvc-font-inherit wvc-column-font-inherit wvc-column-style-none wvc-border-color-none wvc-background-color-default" style=""><div class="wvc-column-inner"><div class="wvc-column-wrapper wpb_wrapper" style=""><div class="wvc-text-block wvc-clearfix wvc-element wvc-mobile-text-align-" style=""><div class="wbp_wrapper"><p style="text-align: center"><span style="color: #000000"><strong><span style="font-size: 36pt">2025</span></strong></span></p>
<h1 style="text-align: center">Marec</h1>
<p style="text-align: center"><span style="color: #000000"><strong><span style="font-size: 14pt">7.3. Trnava, Winter Jazz Fest &#8211;  hosť AMC trio</span></strong></span></p>
<p style="text-align: center"><span style="color: #000000"><strong><span style="font-size: 14pt">8.3. </span></strong></span><strong style="color: #000000"><span style="font-size: 14pt">CZ  </span></strong><span style="color: #000000"><strong><span style="font-size: 14pt">Znojmo, </span></strong></span><strong style="color: #000000"><span style="font-size: 14pt">Jazz Fest Znojmo &#8211; hosť Lash &amp; Grey</span></strong></p>
<p style="text-align: center"><strong style="color: #000000"><span style="font-size: 14pt">28.3. Badín, Tri Duby</span></strong></p>
<h1 style="text-align: center">Apríl</h1>
<p style="text-align: center"><span style="color: #000000"><strong><span style="font-size: 14pt">26.4. CZ  Polička, Polička Jazz fest</span></strong></span></p>
<p style="text-align: center"><span style="color: #000000"><strong><span style="font-size: 14pt">27.4. CZ  Uherský Brod, klub Újezdec</span></strong></span></p>
<h1 style="text-align: center">Máj</h1>
<p style="text-align: center"><span style="font-size: 14pt;color: #000000"><strong>21.5. Humenné, History art &amp; Music club</strong></span></p>
<p style="text-align: center"><span style="font-size: 14pt;color: #000000"><strong>22.5. Košice, Collosseum club</strong></span></p>
<h1 style="text-align: center">Jún</h1>
<p style="text-align: center"><strong><span style="font-size: 14pt;color: #000000">20.6. CZ  Valašské Klobouky, Valašské kumštování</span></strong></p>
<p style="text-align: center"><strong><span style="font-size: 14pt;color: #000000">25.6. Čadca, Dom kultúry</span></strong></p>
<p style="text-align: center"><strong><span style="font-size: 14pt;color: #000000">26.6. Prievidza, Letná pauza</span></strong></p>
<p style="text-align: center"><strong><span style="font-size: 14pt;color: #000000">27.6. Slovenská Lupča, Hrad</span></strong></p>
<p style="text-align: center"><strong><span style="font-size: 14pt;color: #000000">28.6. Klokočina</span></strong></p>
<p style="text-align: center"><strong><span style="font-size: 14pt;color: #000000">29.6. Banská Bystrica, Hogo Fogo</span></strong></p>
<h1 style="text-align: center">Júl</h1>
<p style="text-align: center"><span style="font-size: 14pt;color: #000000"><strong>16.7. Divín, zámok &#8211; Lipa spieva Lasicu</strong></span></p>
<p style="text-align: center"><span style="font-size: 14pt;color: #000000"><strong>17.7. Gbeľany, zámok &#8211; Lipa spieva Lasicu</strong></span></p>
<p style="text-align: center"><span style="font-size: 14pt;color: #000000"><strong>18.7. Bratislava, Jazzová loď</strong></span></p>
<p style="text-align: center"><span style="font-size: 14pt;color: #000000"><strong>20.7. Nitra, hrad &#8211; Lipa spieva Lasicu</strong></span></p>
<h1 style="text-align: center">August</h1>
<p style="text-align: center"><span style="font-size: 14pt;color: #000000"><strong>1.8. Kežmarok, zámok &#8211; Lipa spieva Lasicu</strong></span></p>
<p style="text-align: center"><span style="font-size: 14pt;color: #000000"><strong>8.8. CZ Praha, Jazz Dock</strong></span></p>
<p style="text-align: center"><span style="font-size: 14pt;color: #000000"><strong>9.8. CZ  Beroun, Berounské hradby</strong></span></p>
<p style="text-align: center"><span style="font-size: 14pt;color: #000000"><strong>10.8. CZ Praha, Jazz Dock</strong></span></p>
<p style="text-align: center"><span style="font-size: 14pt;color: #000000"><strong>11.8. Pezinok, zámok Šimák</strong></span></p>
<p style="text-align: center"><span style="font-size: 14pt;color: #000000"><strong>13.8. Liptovský Mikuláš, synagóga &#8211; Duo Peter Lipa &amp; Peter Lipa jr. </strong></span></p>
<p style="text-align: center"><span style="font-size: 14pt;color: #000000"><strong>23.8. CZ Hrad Roštejn, Jazz na Roštejně</strong></span></p>
<h1 style="text-align: center">September</h1>
<p style="text-align: center"><span style="font-size: 14pt;color: #000000"><strong>5.9. Bratislava, Jazzová loď</strong></span></p>
<p style="text-align: center"><span style="font-size: 14pt;color: #000000"><strong>6.9. Bratislava, Spomienka na Deža Ursínyho</strong></span></p>
<p style="text-align: center"><span style="font-size: 14pt;color: #000000"><strong>20.9. CZ  Bojkovice, klub Maják</strong></span></p>
<h1 style="text-align: center">November</h1>
<p style="text-align: center"><span style="font-size: 14pt;color: #000000"><strong>30.11. Bratislava, Peugeot Aréna, Lasica píše Čekovskému</strong></span></p>
<h1 style="text-align: center">December</h1>
<p style="text-align: center"><span style="font-size: 14pt;color: #000000"><strong>27.12. Nové Mesto nad Váhom, Blue note</strong></span></p>
<p>&nbsp;</p>
<p>&nbsp;</p>
<h3 style="text-align: center"></h3>
</div><!--.wbp_wrapper--></div><!--.wvc-text-block--></div><!--.wvc-column-wrapper--></div><!--.wvc-column-inner--></div><!--.wvc-column-container--></div><!--.wvc-column--></div><!--.wvc-columns-container--></div><!--.wvc-row-content--></div><!--.wvc-row-wrapper--></div><!--.wvc-row-->

2025 Marec 7.3. Trnava, Winter Jazz Fest -  hosť AMC trio 8.3. CZ  Znojmo, Jazz Fest Znojmo - hosť Lash &amp; Grey 28.3. Badín, Tri Duby Apríl 26.4. CZ  Polička, Polička Jazz fest 27.4. CZ  Uherský Brod, klub Újezdec Máj 21.5. Humenné, History art &amp; Music club 22.5. Košice, Collosseum club Jún 20.6. CZ  Valašské Klobouky,...<p><a rel="bookmark" class="theme-button-text wvc-button wvc-button-size-xs" href="https://old.peterlipa.com/en/koncerty-2/"><small class="wvc-button-background-fill"></small><span>Continue reading</span></a></p>
